{"id":3849,"date":"2024-05-22T19:07:15","date_gmt":"2024-05-22T17:07:15","guid":{"rendered":"https:\/\/alepuoti.fi\/?post_type=product&#038;p=3849"},"modified":"2026-01-26T12:27:20","modified_gmt":"2026-01-26T10:27:20","slug":"vegaanivahakaaresetti-3-kpl-lunch","status":"publish","type":"product","link":"https:\/\/alepuoti.fi\/?product=vegaanivahakaaresetti-3-kpl-lunch","title":{"rendered":"Vegaanivahak\u00e4\u00e4resetti, 3 kpl Lunch"},"content":{"rendered":"","protected":false},"excerpt":{"rendered":"<p>Smidge-vegaanivahak\u00e4\u00e4re on kest\u00e4v\u00e4 ja ymp\u00e4rist\u00f6yst\u00e4v\u00e4llinen vaihtoehto tuorekelmulle.<\/p>\n","protected":false},"featured_media":4234,"template":"","meta":{"_monsterinsights_skip_tracking":false,"_monsterinsights_sitenote_active":false,"_monsterinsights_sitenote_note":"","_monsterinsights_sitenote_category":0,"_uf_show_specific_survey":0,"_uf_disable_surveys":false},"product_brand":[],"product_cat":[67],"product_tag":[],"class_list":{"0":"post-3849","1":"product","2":"type-product","3":"status-publish","4":"has-post-thumbnail","6":"product_cat-keitti","8":"first","9":"instock","10":"taxable","11":"shipping-taxable","12":"purchasable","13":"product-type-simple"},"aioseo_notices":[],"_links":{"self":[{"href":"https:\/\/alepuoti.fi\/index.php?rest_route=\/wp\/v2\/product\/3849","targetHints":{"allow":["GET"]}}],"collection":[{"href":"https:\/\/alepuoti.fi\/index.php?rest_route=\/wp\/v2\/product"}],"about":[{"href":"https:\/\/alepuoti.fi\/index.php?rest_route=\/wp\/v2\/types\/product"}],"version-history":[{"count":3,"href":"https:\/\/alepuoti.fi\/index.php?rest_route=\/wp\/v2\/product\/3849\/revisions"}],"predecessor-version":[{"id":4253,"href":"https:\/\/alepuoti.fi\/index.php?rest_route=\/wp\/v2\/product\/3849\/revisions\/4253"}],"wp:featuredmedia":[{"embeddable":true,"href":"https:\/\/alepuoti.fi\/index.php?rest_route=\/wp\/v2\/media\/4234"}],"wp:attachment":[{"href":"https:\/\/alepuoti.fi\/index.php?rest_route=%2Fwp%2Fv2%2Fmedia&parent=3849"}],"wp:term":[{"taxonomy":"product_brand","embeddable":true,"href":"https:\/\/alepuoti.fi\/index.php?rest_route=%2Fwp%2Fv2%2Fproduct_brand&post=3849"},{"taxonomy":"product_cat","embeddable":true,"href":"https:\/\/alepuoti.fi\/index.php?rest_route=%2Fwp%2Fv2%2Fproduct_cat&post=3849"},{"taxonomy":"product_tag","embeddable":true,"href":"https:\/\/alepuoti.fi\/index.php?rest_route=%2Fwp%2Fv2%2Fproduct_tag&post=3849"}],"curies":[{"name":"wp","href":"https:\/\/api.w.org\/{rel}","templated":true}]}}