{"id":3848,"date":"2024-05-22T19:07:15","date_gmt":"2024-05-22T17:07:15","guid":{"rendered":"https:\/\/alepuoti.fi\/?post_type=product&#038;p=3848"},"modified":"2026-01-30T13:48:06","modified_gmt":"2026-01-30T11:48:06","slug":"kalastussetti","status":"publish","type":"product","link":"https:\/\/alepuoti.fi\/?product=kalastussetti","title":{"rendered":"Kalastussetti"},"content":{"rendered":"","protected":false},"excerpt":{"rendered":"<p>Patriot Temptation -avokelasettiin kuuluu etujarrullinen avokela, mediumtoiminen teleskooppivapa ja monofiilisiima valmiiksi puolattuna. Teleskooppivapa mahtuu kokoon painettuna pieneen tilaan ja on n\u00e4in helppo pit\u00e4\u00e4 matkassa mukana.<\/p>\n<p><b>KELA:<br \/>\n<\/b>1 kuulalaakeri<br \/>\nEtujarru<br \/>\nGrafiittipuola<br \/>\nGrafiittikampi kumisella otekahvalla<br \/>\n<b>VAPA:<br \/>\n<\/b>Mediumtoiminen teleskooppivapa, pituus 198 cm<br \/>\nLasikuituaihio<br \/>\nKeraamiset vaparenkaat<br \/>\nEVA-kahvat<\/p>\n","protected":false},"featured_media":4393,"template":"","meta":{"_monsterinsights_skip_tracking":false,"_monsterinsights_sitenote_active":false,"_monsterinsights_sitenote_note":"","_monsterinsights_sitenote_category":0,"_uf_show_specific_survey":0,"_uf_disable_surveys":false},"product_brand":[],"product_cat":[62],"product_tag":[],"class_list":{"0":"post-3848","1":"product","2":"type-product","3":"status-publish","4":"has-post-thumbnail","6":"product_cat-vapaa-aika","8":"first","9":"instock","10":"taxable","11":"shipping-taxable","12":"purchasable","13":"product-type-simple"},"aioseo_notices":[],"_links":{"self":[{"href":"https:\/\/alepuoti.fi\/index.php?rest_route=\/wp\/v2\/product\/3848","targetHints":{"allow":["GET"]}}],"collection":[{"href":"https:\/\/alepuoti.fi\/index.php?rest_route=\/wp\/v2\/product"}],"about":[{"href":"https:\/\/alepuoti.fi\/index.php?rest_route=\/wp\/v2\/types\/product"}],"version-history":[{"count":4,"href":"https:\/\/alepuoti.fi\/index.php?rest_route=\/wp\/v2\/product\/3848\/revisions"}],"predecessor-version":[{"id":4398,"href":"https:\/\/alepuoti.fi\/index.php?rest_route=\/wp\/v2\/product\/3848\/revisions\/4398"}],"wp:featuredmedia":[{"embeddable":true,"href":"https:\/\/alepuoti.fi\/index.php?rest_route=\/wp\/v2\/media\/4393"}],"wp:attachment":[{"href":"https:\/\/alepuoti.fi\/index.php?rest_route=%2Fwp%2Fv2%2Fmedia&parent=3848"}],"wp:term":[{"taxonomy":"product_brand","embeddable":true,"href":"https:\/\/alepuoti.fi\/index.php?rest_route=%2Fwp%2Fv2%2Fproduct_brand&post=3848"},{"taxonomy":"product_cat","embeddable":true,"href":"https:\/\/alepuoti.fi\/index.php?rest_route=%2Fwp%2Fv2%2Fproduct_cat&post=3848"},{"taxonomy":"product_tag","embeddable":true,"href":"https:\/\/alepuoti.fi\/index.php?rest_route=%2Fwp%2Fv2%2Fproduct_tag&post=3848"}],"curies":[{"name":"wp","href":"https:\/\/api.w.org\/{rel}","templated":true}]}}