{"id":3838,"date":"2024-05-22T19:07:14","date_gmt":"2024-05-22T17:07:14","guid":{"rendered":"https:\/\/alepuoti.fi\/?post_type=product&#038;p=3838"},"modified":"2026-01-27T10:36:16","modified_gmt":"2026-01-27T08:36:16","slug":"otsalamppu-petzl-ladattava","status":"publish","type":"product","link":"https:\/\/alepuoti.fi\/?product=otsalamppu-petzl-ladattava","title":{"rendered":"Otsalamppu, Petzl ladattava"},"content":{"rendered":"","protected":false},"excerpt":{"rendered":"<p><span class=\"sc-Nxspf bvIXyr\">Reaktiivinen LED -otsalamppu<br \/>\n<\/span><span class=\"sc-Nxspf bvIXyr\">Automaattisesti s\u00e4\u00e4tyv\u00e4 valotila<br \/>\n<\/span><span class=\"sc-Nxspf bvIXyr\">Ladattava<br \/>\n<\/span><span class=\"sc-Nxspf bvIXyr\">Maksimiteho 220 lumenia<br \/>\nRoiskevesitiivis<\/span><\/p>\n<p><span class=\"sc-Nxspf bvIXyr\">\u00a0<\/span><\/p>\n","protected":false},"featured_media":4218,"template":"","meta":{"_monsterinsights_skip_tracking":false,"_monsterinsights_sitenote_active":false,"_monsterinsights_sitenote_note":"","_monsterinsights_sitenote_category":0,"_uf_show_specific_survey":0,"_uf_disable_surveys":false},"product_brand":[],"product_cat":[64],"product_tag":[],"class_list":{"0":"post-3838","1":"product","2":"type-product","3":"status-publish","4":"has-post-thumbnail","6":"product_cat-turvallisuus","8":"first","9":"instock","10":"taxable","11":"shipping-taxable","12":"purchasable","13":"product-type-simple"},"aioseo_notices":[],"_links":{"self":[{"href":"https:\/\/alepuoti.fi\/index.php?rest_route=\/wp\/v2\/product\/3838","targetHints":{"allow":["GET"]}}],"collection":[{"href":"https:\/\/alepuoti.fi\/index.php?rest_route=\/wp\/v2\/product"}],"about":[{"href":"https:\/\/alepuoti.fi\/index.php?rest_route=\/wp\/v2\/types\/product"}],"version-history":[{"count":1,"href":"https:\/\/alepuoti.fi\/index.php?rest_route=\/wp\/v2\/product\/3838\/revisions"}],"predecessor-version":[{"id":4299,"href":"https:\/\/alepuoti.fi\/index.php?rest_route=\/wp\/v2\/product\/3838\/revisions\/4299"}],"wp:featuredmedia":[{"embeddable":true,"href":"https:\/\/alepuoti.fi\/index.php?rest_route=\/wp\/v2\/media\/4218"}],"wp:attachment":[{"href":"https:\/\/alepuoti.fi\/index.php?rest_route=%2Fwp%2Fv2%2Fmedia&parent=3838"}],"wp:term":[{"taxonomy":"product_brand","embeddable":true,"href":"https:\/\/alepuoti.fi\/index.php?rest_route=%2Fwp%2Fv2%2Fproduct_brand&post=3838"},{"taxonomy":"product_cat","embeddable":true,"href":"https:\/\/alepuoti.fi\/index.php?rest_route=%2Fwp%2Fv2%2Fproduct_cat&post=3838"},{"taxonomy":"product_tag","embeddable":true,"href":"https:\/\/alepuoti.fi\/index.php?rest_route=%2Fwp%2Fv2%2Fproduct_tag&post=3838"}],"curies":[{"name":"wp","href":"https:\/\/api.w.org\/{rel}","templated":true}]}}