{"id":3796,"date":"2024-05-06T19:20:49","date_gmt":"2024-05-06T17:20:49","guid":{"rendered":"https:\/\/alepuoti.fi\/?post_type=product&#038;p=3796"},"modified":"2026-01-30T13:37:42","modified_gmt":"2026-01-30T11:37:42","slug":"jalkaraspi-paristokayttoinen","status":"publish","type":"product","link":"https:\/\/alepuoti.fi\/?product=jalkaraspi-paristokayttoinen","title":{"rendered":"Jalkaraspi, paristok\u00e4ytt\u00f6inen"},"content":{"rendered":"","protected":false},"excerpt":{"rendered":"<p>Pakkauksen sis\u00e4lt\u00f6:<br \/>\n1x Mineas paristok\u00e4ytt\u00f6inen jalkaraspi<br \/>\n1x puhdistusharja<br \/>\n1x k\u00e4ytt\u00f6ohje<br \/>\nHUOM! Pakkaus ei sis\u00e4ll\u00e4 paristoja (2 x AA)<\/p>\n","protected":false},"featured_media":4024,"template":"","meta":{"_monsterinsights_skip_tracking":false,"_monsterinsights_sitenote_active":false,"_monsterinsights_sitenote_note":"","_monsterinsights_sitenote_category":0,"_uf_show_specific_survey":0,"_uf_disable_surveys":false},"product_brand":[],"product_cat":[222,221],"product_tag":[],"class_list":{"0":"post-3796","1":"product","2":"type-product","3":"status-publish","4":"has-post-thumbnail","6":"product_cat-hyvinvointi","7":"product_cat-kauneus","9":"first","10":"instock","11":"taxable","12":"shipping-taxable","13":"purchasable","14":"product-type-simple"},"aioseo_notices":[],"_links":{"self":[{"href":"https:\/\/alepuoti.fi\/index.php?rest_route=\/wp\/v2\/product\/3796","targetHints":{"allow":["GET"]}}],"collection":[{"href":"https:\/\/alepuoti.fi\/index.php?rest_route=\/wp\/v2\/product"}],"about":[{"href":"https:\/\/alepuoti.fi\/index.php?rest_route=\/wp\/v2\/types\/product"}],"version-history":[{"count":2,"href":"https:\/\/alepuoti.fi\/index.php?rest_route=\/wp\/v2\/product\/3796\/revisions"}],"predecessor-version":[{"id":4315,"href":"https:\/\/alepuoti.fi\/index.php?rest_route=\/wp\/v2\/product\/3796\/revisions\/4315"}],"wp:featuredmedia":[{"embeddable":true,"href":"https:\/\/alepuoti.fi\/index.php?rest_route=\/wp\/v2\/media\/4024"}],"wp:attachment":[{"href":"https:\/\/alepuoti.fi\/index.php?rest_route=%2Fwp%2Fv2%2Fmedia&parent=3796"}],"wp:term":[{"taxonomy":"product_brand","embeddable":true,"href":"https:\/\/alepuoti.fi\/index.php?rest_route=%2Fwp%2Fv2%2Fproduct_brand&post=3796"},{"taxonomy":"product_cat","embeddable":true,"href":"https:\/\/alepuoti.fi\/index.php?rest_route=%2Fwp%2Fv2%2Fproduct_cat&post=3796"},{"taxonomy":"product_tag","embeddable":true,"href":"https:\/\/alepuoti.fi\/index.php?rest_route=%2Fwp%2Fv2%2Fproduct_tag&post=3796"}],"curies":[{"name":"wp","href":"https:\/\/api.w.org\/{rel}","templated":true}]}}