{"id":2679,"date":"2021-07-06T08:58:46","date_gmt":"2021-07-06T06:58:46","guid":{"rendered":"https:\/\/alepuoti.fi\/product\/genie-kitchen-garden-keittipuutarha\/"},"modified":"2026-02-17T22:40:20","modified_gmt":"2026-02-17T20:40:20","slug":"genie-kitchen-garden-keittipuutarha","status":"publish","type":"product","link":"https:\/\/alepuoti.fi\/?product=genie-kitchen-garden-keittipuutarha","title":{"rendered":"Viljelyruukku ja kasvivalaisin, Genie Kitchen Garden"},"content":{"rendered":"","protected":false},"excerpt":{"rendered":"<h5>Kukkaruukku, jossa on itsekasteluj\u00e4rjestelm\u00e4 ja kasvivalaisin, jotka tarjoavat kasveille optimaaliset kasvuolosuhteet my\u00f6s keitti\u00f6n p\u00f6yd\u00e4ll\u00e4. Viljele itse omat yrtit tai kukat, tai osta valmiit yrtit, joista voit nauttia pitk\u00e4\u00e4n. Ruukkuun mahtuu kolme 8 cm:n tai yksi 15 cm:n ruukku.<br \/>\nKoko: leveys 21 cm, korkeus 44 cm, syvyys 18 cm<br \/>\nEdellytt\u00e4\u00e4 4 x AA paristoa. Paristot eiv\u00e4t sis\u00e4lly pakkaukseen.<\/h5>\n","protected":false},"featured_media":2811,"template":"","meta":{"_monsterinsights_skip_tracking":false,"_monsterinsights_sitenote_active":false,"_monsterinsights_sitenote_note":"","_monsterinsights_sitenote_category":0,"_uf_show_specific_survey":0,"_uf_disable_surveys":false},"product_brand":[],"product_cat":[60,67],"product_tag":[],"class_list":{"0":"post-2679","1":"product","2":"type-product","3":"status-publish","4":"has-post-thumbnail","6":"product_cat-kaikki","7":"product_cat-keitti","9":"first","10":"outofstock","11":"taxable","12":"shipping-taxable","13":"purchasable","14":"product-type-simple"},"aioseo_notices":[],"_links":{"self":[{"href":"https:\/\/alepuoti.fi\/index.php?rest_route=\/wp\/v2\/product\/2679","targetHints":{"allow":["GET"]}}],"collection":[{"href":"https:\/\/alepuoti.fi\/index.php?rest_route=\/wp\/v2\/product"}],"about":[{"href":"https:\/\/alepuoti.fi\/index.php?rest_route=\/wp\/v2\/types\/product"}],"version-history":[{"count":6,"href":"https:\/\/alepuoti.fi\/index.php?rest_route=\/wp\/v2\/product\/2679\/revisions"}],"predecessor-version":[{"id":3427,"href":"https:\/\/alepuoti.fi\/index.php?rest_route=\/wp\/v2\/product\/2679\/revisions\/3427"}],"wp:featuredmedia":[{"embeddable":true,"href":"https:\/\/alepuoti.fi\/index.php?rest_route=\/wp\/v2\/media\/2811"}],"wp:attachment":[{"href":"https:\/\/alepuoti.fi\/index.php?rest_route=%2Fwp%2Fv2%2Fmedia&parent=2679"}],"wp:term":[{"taxonomy":"product_brand","embeddable":true,"href":"https:\/\/alepuoti.fi\/index.php?rest_route=%2Fwp%2Fv2%2Fproduct_brand&post=2679"},{"taxonomy":"product_cat","embeddable":true,"href":"https:\/\/alepuoti.fi\/index.php?rest_route=%2Fwp%2Fv2%2Fproduct_cat&post=2679"},{"taxonomy":"product_tag","embeddable":true,"href":"https:\/\/alepuoti.fi\/index.php?rest_route=%2Fwp%2Fv2%2Fproduct_tag&post=2679"}],"curies":[{"name":"wp","href":"https:\/\/api.w.org\/{rel}","templated":true}]}}