{"id":2660,"date":"2021-07-06T08:58:41","date_gmt":"2021-07-06T06:58:41","guid":{"rendered":"https:\/\/alepuoti.fi\/product\/makuupussi-ulkoilupeitto-cocoon\/"},"modified":"2026-04-11T17:48:52","modified_gmt":"2026-04-11T15:48:52","slug":"makuupussi-ulkoilupeitto-cocoon","status":"publish","type":"product","link":"https:\/\/alepuoti.fi\/?product=makuupussi-ulkoilupeitto-cocoon","title":{"rendered":"Makuupussi \/ Matkaviltti, Cocoon"},"content":{"rendered":"","protected":false},"excerpt":{"rendered":"<h5>Monik\u00e4ytt\u00f6varuste, joka muuntuu tarpeen mukaan peitoksi tai makuupussiksi. Monik\u00e4ytt\u00f6isen\u00e4 220 cm x 160 cm fleecepeittona soveltuu esimerkiksi picnicalustaksi. Ulkokuoressa on vett\u00e4 hylkiv\u00e4 pinnoite. Makuupussiksi taitettuna malli on tilava suorakaiteen muotoinen ja l\u00e4mmin. Pituus 220 cm ja leveys 80 cm.<br \/>\nV\u00e4ri: musta<br \/>\nMukavuusalue +14C &#8211; +26C<\/h5>\n","protected":false},"featured_media":2842,"template":"","meta":{"_monsterinsights_skip_tracking":false,"_monsterinsights_sitenote_active":false,"_monsterinsights_sitenote_note":"","_monsterinsights_sitenote_category":0,"_uf_show_specific_survey":0,"_uf_disable_surveys":false},"product_brand":[],"product_cat":[60,62],"product_tag":[],"class_list":{"0":"post-2660","1":"product","2":"type-product","3":"status-publish","4":"has-post-thumbnail","6":"product_cat-kaikki","7":"product_cat-vapaa-aika","9":"first","10":"instock","11":"sale","12":"taxable","13":"shipping-taxable","14":"purchasable","15":"product-type-simple"},"aioseo_notices":[],"_links":{"self":[{"href":"https:\/\/alepuoti.fi\/index.php?rest_route=\/wp\/v2\/product\/2660","targetHints":{"allow":["GET"]}}],"collection":[{"href":"https:\/\/alepuoti.fi\/index.php?rest_route=\/wp\/v2\/product"}],"about":[{"href":"https:\/\/alepuoti.fi\/index.php?rest_route=\/wp\/v2\/types\/product"}],"version-history":[{"count":3,"href":"https:\/\/alepuoti.fi\/index.php?rest_route=\/wp\/v2\/product\/2660\/revisions"}],"predecessor-version":[{"id":3448,"href":"https:\/\/alepuoti.fi\/index.php?rest_route=\/wp\/v2\/product\/2660\/revisions\/3448"}],"wp:featuredmedia":[{"embeddable":true,"href":"https:\/\/alepuoti.fi\/index.php?rest_route=\/wp\/v2\/media\/2842"}],"wp:attachment":[{"href":"https:\/\/alepuoti.fi\/index.php?rest_route=%2Fwp%2Fv2%2Fmedia&parent=2660"}],"wp:term":[{"taxonomy":"product_brand","embeddable":true,"href":"https:\/\/alepuoti.fi\/index.php?rest_route=%2Fwp%2Fv2%2Fproduct_brand&post=2660"},{"taxonomy":"product_cat","embeddable":true,"href":"https:\/\/alepuoti.fi\/index.php?rest_route=%2Fwp%2Fv2%2Fproduct_cat&post=2660"},{"taxonomy":"product_tag","embeddable":true,"href":"https:\/\/alepuoti.fi\/index.php?rest_route=%2Fwp%2Fv2%2Fproduct_tag&post=2660"}],"curies":[{"name":"wp","href":"https:\/\/api.w.org\/{rel}","templated":true}]}}