{"id":2654,"date":"2021-07-06T08:58:41","date_gmt":"2021-07-06T06:58:41","guid":{"rendered":"https:\/\/alepuoti.fi\/product\/taskutykalu-victorinox-karhu-by-teemu-jrvi\/"},"modified":"2026-04-11T17:48:52","modified_gmt":"2026-04-11T15:48:52","slug":"taskutykalu-victorinox-karhu-by-teemu-jrvi","status":"publish","type":"product","link":"https:\/\/alepuoti.fi\/?product=taskutykalu-victorinox-karhu-by-teemu-jrvi","title":{"rendered":"Monitoimity\u00f6kalu Victorinox Karhu by Teemu J\u00e4rvi"},"content":{"rendered":"","protected":false},"excerpt":{"rendered":"<h5>Monitoimity\u00f6kalu Victorinox Karhu by Teemu J\u00e4rvi sis\u00e4lt\u00e4\u00e4 15 ty\u00f6kalua:<\/h5>\n<h5>1. pitk\u00e4 ter\u00e4<br \/>\n2. lyhyt ter\u00e4<br \/>\n3. t\u00f6lkinavaaja<br \/>\n4. ruuvimeisseli\u00a03 mm<br \/>\n5. pullonavaaja<br \/>\n6. johdonkuorija<br \/>\n7. ruuvimeisseli\u00a06 mm<br \/>\n8. kalvin, rei&#8217;itin ja neula<br \/>\n9. Phillips-ruuvimeisseli<br \/>\n10. sakset<br \/>\n11. puusaha<br \/>\n12. monitoimikoukku<br \/>\n13. hammastikku<br \/>\n14. pinsetit<br \/>\n15. avainrengas<\/h5>\n","protected":false},"featured_media":2844,"template":"","meta":{"_monsterinsights_skip_tracking":false,"_monsterinsights_sitenote_active":false,"_monsterinsights_sitenote_note":"","_monsterinsights_sitenote_category":0,"_uf_show_specific_survey":0,"_uf_disable_surveys":false},"product_brand":[],"product_cat":[60,62],"product_tag":[],"class_list":{"0":"post-2654","1":"product","2":"type-product","3":"status-publish","4":"has-post-thumbnail","6":"product_cat-kaikki","7":"product_cat-vapaa-aika","9":"first","10":"instock","11":"taxable","12":"shipping-taxable","13":"purchasable","14":"product-type-simple"},"aioseo_notices":[],"_links":{"self":[{"href":"https:\/\/alepuoti.fi\/index.php?rest_route=\/wp\/v2\/product\/2654","targetHints":{"allow":["GET"]}}],"collection":[{"href":"https:\/\/alepuoti.fi\/index.php?rest_route=\/wp\/v2\/product"}],"about":[{"href":"https:\/\/alepuoti.fi\/index.php?rest_route=\/wp\/v2\/types\/product"}],"version-history":[{"count":5,"href":"https:\/\/alepuoti.fi\/index.php?rest_route=\/wp\/v2\/product\/2654\/revisions"}],"predecessor-version":[{"id":3605,"href":"https:\/\/alepuoti.fi\/index.php?rest_route=\/wp\/v2\/product\/2654\/revisions\/3605"}],"wp:featuredmedia":[{"embeddable":true,"href":"https:\/\/alepuoti.fi\/index.php?rest_route=\/wp\/v2\/media\/2844"}],"wp:attachment":[{"href":"https:\/\/alepuoti.fi\/index.php?rest_route=%2Fwp%2Fv2%2Fmedia&parent=2654"}],"wp:term":[{"taxonomy":"product_brand","embeddable":true,"href":"https:\/\/alepuoti.fi\/index.php?rest_route=%2Fwp%2Fv2%2Fproduct_brand&post=2654"},{"taxonomy":"product_cat","embeddable":true,"href":"https:\/\/alepuoti.fi\/index.php?rest_route=%2Fwp%2Fv2%2Fproduct_cat&post=2654"},{"taxonomy":"product_tag","embeddable":true,"href":"https:\/\/alepuoti.fi\/index.php?rest_route=%2Fwp%2Fv2%2Fproduct_tag&post=2654"}],"curies":[{"name":"wp","href":"https:\/\/api.w.org\/{rel}","templated":true}]}}