{"id":2652,"date":"2021-07-06T08:58:40","date_gmt":"2021-07-06T06:58:40","guid":{"rendered":"https:\/\/alepuoti.fi\/product\/ruoka-juomatermos-12l-thermos\/"},"modified":"2026-01-26T11:02:08","modified_gmt":"2026-01-26T09:02:08","slug":"ruoka-juomatermos-12l-thermos","status":"publish","type":"product","link":"https:\/\/alepuoti.fi\/?product=ruoka-juomatermos-12l-thermos","title":{"rendered":"Ruoka &amp; juomatermos 1,2L Thermos"},"content":{"rendered":"","protected":false},"excerpt":{"rendered":"<h5>Termospullon tilavuus on 1,2 l. Voit k\u00e4ytt\u00e4\u00e4 sit\u00e4 joko ruoalle tai juomalle. Juomaa varten l\u00f6ytyy pienempi suuaukko ja ruokaa varten isompi suuaukko. Ruostumatonta ter\u00e4st\u00e4<\/h5>\n","protected":false},"featured_media":2861,"template":"","meta":{"_monsterinsights_skip_tracking":false,"_monsterinsights_sitenote_active":false,"_monsterinsights_sitenote_note":"","_monsterinsights_sitenote_category":0,"_uf_show_specific_survey":0,"_uf_disable_surveys":false},"product_brand":[],"product_cat":[60,67],"product_tag":[],"class_list":{"0":"post-2652","1":"product","2":"type-product","3":"status-publish","4":"has-post-thumbnail","6":"product_cat-kaikki","7":"product_cat-keitti","9":"first","10":"instock","11":"taxable","12":"shipping-taxable","13":"purchasable","14":"product-type-simple"},"aioseo_notices":[],"_links":{"self":[{"href":"https:\/\/alepuoti.fi\/index.php?rest_route=\/wp\/v2\/product\/2652","targetHints":{"allow":["GET"]}}],"collection":[{"href":"https:\/\/alepuoti.fi\/index.php?rest_route=\/wp\/v2\/product"}],"about":[{"href":"https:\/\/alepuoti.fi\/index.php?rest_route=\/wp\/v2\/types\/product"}],"version-history":[{"count":7,"href":"https:\/\/alepuoti.fi\/index.php?rest_route=\/wp\/v2\/product\/2652\/revisions"}],"predecessor-version":[{"id":3518,"href":"https:\/\/alepuoti.fi\/index.php?rest_route=\/wp\/v2\/product\/2652\/revisions\/3518"}],"wp:featuredmedia":[{"embeddable":true,"href":"https:\/\/alepuoti.fi\/index.php?rest_route=\/wp\/v2\/media\/2861"}],"wp:attachment":[{"href":"https:\/\/alepuoti.fi\/index.php?rest_route=%2Fwp%2Fv2%2Fmedia&parent=2652"}],"wp:term":[{"taxonomy":"product_brand","embeddable":true,"href":"https:\/\/alepuoti.fi\/index.php?rest_route=%2Fwp%2Fv2%2Fproduct_brand&post=2652"},{"taxonomy":"product_cat","embeddable":true,"href":"https:\/\/alepuoti.fi\/index.php?rest_route=%2Fwp%2Fv2%2Fproduct_cat&post=2652"},{"taxonomy":"product_tag","embeddable":true,"href":"https:\/\/alepuoti.fi\/index.php?rest_route=%2Fwp%2Fv2%2Fproduct_tag&post=2652"}],"curies":[{"name":"wp","href":"https:\/\/api.w.org\/{rel}","templated":true}]}}