{"id":2647,"date":"2021-07-06T08:58:40","date_gmt":"2021-07-06T06:58:40","guid":{"rendered":"https:\/\/alepuoti.fi\/product\/take-away-urheilupyyhe-jokipiin-pellava\/"},"modified":"2026-01-26T11:03:09","modified_gmt":"2026-01-26T09:03:09","slug":"take-away-urheilupyyhe-jokipiin-pellava","status":"publish","type":"product","link":"https:\/\/alepuoti.fi\/?product=take-away-urheilupyyhe-jokipiin-pellava","title":{"rendered":"Urheilu rullapyyhe, Jokipiin pellava"},"content":{"rendered":"","protected":false},"excerpt":{"rendered":"<h5>Menee pieneen tilaan, kuivaa tehokkaasti, kuivuu nopeasti ja n\u00e4ytt\u00e4\u00e4 hyv\u00e4lt\u00e4 \u2013 rullapyyhe!<br \/>\nKoko: 80 x 145 cm<br \/>\n50 % LI, 50 % CO<\/h5>\n","protected":false},"featured_media":2858,"template":"","meta":{"_monsterinsights_skip_tracking":false,"_monsterinsights_sitenote_active":false,"_monsterinsights_sitenote_note":"","_monsterinsights_sitenote_category":0,"_uf_show_specific_survey":0,"_uf_disable_surveys":false},"product_brand":[],"product_cat":[60,62],"product_tag":[],"class_list":{"0":"post-2647","1":"product","2":"type-product","3":"status-publish","4":"has-post-thumbnail","6":"product_cat-kaikki","7":"product_cat-vapaa-aika","9":"first","10":"instock","11":"taxable","12":"shipping-taxable","13":"purchasable","14":"product-type-simple"},"aioseo_notices":[],"_links":{"self":[{"href":"https:\/\/alepuoti.fi\/index.php?rest_route=\/wp\/v2\/product\/2647","targetHints":{"allow":["GET"]}}],"collection":[{"href":"https:\/\/alepuoti.fi\/index.php?rest_route=\/wp\/v2\/product"}],"about":[{"href":"https:\/\/alepuoti.fi\/index.php?rest_route=\/wp\/v2\/types\/product"}],"version-history":[{"count":5,"href":"https:\/\/alepuoti.fi\/index.php?rest_route=\/wp\/v2\/product\/2647\/revisions"}],"predecessor-version":[{"id":3421,"href":"https:\/\/alepuoti.fi\/index.php?rest_route=\/wp\/v2\/product\/2647\/revisions\/3421"}],"wp:featuredmedia":[{"embeddable":true,"href":"https:\/\/alepuoti.fi\/index.php?rest_route=\/wp\/v2\/media\/2858"}],"wp:attachment":[{"href":"https:\/\/alepuoti.fi\/index.php?rest_route=%2Fwp%2Fv2%2Fmedia&parent=2647"}],"wp:term":[{"taxonomy":"product_brand","embeddable":true,"href":"https:\/\/alepuoti.fi\/index.php?rest_route=%2Fwp%2Fv2%2Fproduct_brand&post=2647"},{"taxonomy":"product_cat","embeddable":true,"href":"https:\/\/alepuoti.fi\/index.php?rest_route=%2Fwp%2Fv2%2Fproduct_cat&post=2647"},{"taxonomy":"product_tag","embeddable":true,"href":"https:\/\/alepuoti.fi\/index.php?rest_route=%2Fwp%2Fv2%2Fproduct_tag&post=2647"}],"curies":[{"name":"wp","href":"https:\/\/api.w.org\/{rel}","templated":true}]}}