{"id":2626,"date":"2021-07-06T08:58:35","date_gmt":"2021-07-06T06:58:35","guid":{"rendered":"https:\/\/alepuoti.fi\/product\/pytgrilli-mustang-rocket\/"},"modified":"2026-01-30T13:40:05","modified_gmt":"2026-01-30T11:40:05","slug":"pytgrilli-mustang-rocket","status":"publish","type":"product","link":"https:\/\/alepuoti.fi\/?product=pytgrilli-mustang-rocket","title":{"rendered":"P\u00f6yt\u00e4grilli Mustang Rocket"},"content":{"rendered":"","protected":false},"excerpt":{"rendered":"<h5>Pulverimaalattu kupu on 0,4 mm ter\u00e4st\u00e4 ja pes\u00e4osa 0,6 mm ter\u00e4st\u00e4. Kannessa on punainen kantokahva ja se kiinnitet\u00e4\u00e4n kolmella klipsill\u00e4. Grilliss\u00e4 on sinkityt jalat, kromattu grilliritil\u00e4 ja galvanoitu tuhkapelti. Grillin halkaisija: 35,5 cm<\/h5>\n","protected":false},"featured_media":2924,"template":"","meta":{"_monsterinsights_skip_tracking":false,"_monsterinsights_sitenote_active":false,"_monsterinsights_sitenote_note":"","_monsterinsights_sitenote_category":0,"_uf_show_specific_survey":0,"_uf_disable_surveys":false},"product_brand":[],"product_cat":[60,62],"product_tag":[],"class_list":{"0":"post-2626","1":"product","2":"type-product","3":"status-publish","4":"has-post-thumbnail","6":"product_cat-kaikki","7":"product_cat-vapaa-aika","9":"first","10":"instock","11":"taxable","12":"shipping-taxable","13":"purchasable","14":"product-type-simple"},"aioseo_notices":[],"_links":{"self":[{"href":"https:\/\/alepuoti.fi\/index.php?rest_route=\/wp\/v2\/product\/2626","targetHints":{"allow":["GET"]}}],"collection":[{"href":"https:\/\/alepuoti.fi\/index.php?rest_route=\/wp\/v2\/product"}],"about":[{"href":"https:\/\/alepuoti.fi\/index.php?rest_route=\/wp\/v2\/types\/product"}],"version-history":[{"count":2,"href":"https:\/\/alepuoti.fi\/index.php?rest_route=\/wp\/v2\/product\/2626\/revisions"}],"predecessor-version":[{"id":3511,"href":"https:\/\/alepuoti.fi\/index.php?rest_route=\/wp\/v2\/product\/2626\/revisions\/3511"}],"wp:featuredmedia":[{"embeddable":true,"href":"https:\/\/alepuoti.fi\/index.php?rest_route=\/wp\/v2\/media\/2924"}],"wp:attachment":[{"href":"https:\/\/alepuoti.fi\/index.php?rest_route=%2Fwp%2Fv2%2Fmedia&parent=2626"}],"wp:term":[{"taxonomy":"product_brand","embeddable":true,"href":"https:\/\/alepuoti.fi\/index.php?rest_route=%2Fwp%2Fv2%2Fproduct_brand&post=2626"},{"taxonomy":"product_cat","embeddable":true,"href":"https:\/\/alepuoti.fi\/index.php?rest_route=%2Fwp%2Fv2%2Fproduct_cat&post=2626"},{"taxonomy":"product_tag","embeddable":true,"href":"https:\/\/alepuoti.fi\/index.php?rest_route=%2Fwp%2Fv2%2Fproduct_tag&post=2626"}],"curies":[{"name":"wp","href":"https:\/\/api.w.org\/{rel}","templated":true}]}}