{"id":2615,"date":"2021-07-06T08:58:34","date_gmt":"2021-07-06T06:58:34","guid":{"rendered":"https:\/\/alepuoti.fi\/product\/saunalmpmittari-rento\/"},"modified":"2026-01-30T13:23:05","modified_gmt":"2026-01-30T11:23:05","slug":"saunalmpmittari-rento","status":"publish","type":"product","link":"https:\/\/alepuoti.fi\/?product=saunalmpmittari-rento","title":{"rendered":"Saunan l\u00e4mp\u00f6mittari, Rento"},"content":{"rendered":"","protected":false},"excerpt":{"rendered":"<h5>Py\u00f6re\u00e4 saunan l\u00e4mp\u00f6mittari, Rento<br \/>\nV\u00e4ri: vihre\u00e4<br \/>\nMateriaali: alumiini<br \/>\nKoko: halkaisija 15 cm<\/h5>\n","protected":false},"featured_media":2939,"template":"","meta":{"_monsterinsights_skip_tracking":false,"_monsterinsights_sitenote_active":false,"_monsterinsights_sitenote_note":"","_monsterinsights_sitenote_category":0,"_uf_show_specific_survey":0,"_uf_disable_surveys":false},"product_brand":[],"product_cat":[60,63],"product_tag":[],"class_list":{"0":"post-2615","1":"product","2":"type-product","3":"status-publish","4":"has-post-thumbnail","6":"product_cat-kaikki","7":"product_cat-sisustus","9":"first","10":"instock","11":"taxable","12":"shipping-taxable","13":"purchasable","14":"product-type-simple"},"aioseo_notices":[],"_links":{"self":[{"href":"https:\/\/alepuoti.fi\/index.php?rest_route=\/wp\/v2\/product\/2615","targetHints":{"allow":["GET"]}}],"collection":[{"href":"https:\/\/alepuoti.fi\/index.php?rest_route=\/wp\/v2\/product"}],"about":[{"href":"https:\/\/alepuoti.fi\/index.php?rest_route=\/wp\/v2\/types\/product"}],"version-history":[{"count":6,"href":"https:\/\/alepuoti.fi\/index.php?rest_route=\/wp\/v2\/product\/2615\/revisions"}],"predecessor-version":[{"id":3378,"href":"https:\/\/alepuoti.fi\/index.php?rest_route=\/wp\/v2\/product\/2615\/revisions\/3378"}],"wp:featuredmedia":[{"embeddable":true,"href":"https:\/\/alepuoti.fi\/index.php?rest_route=\/wp\/v2\/media\/2939"}],"wp:attachment":[{"href":"https:\/\/alepuoti.fi\/index.php?rest_route=%2Fwp%2Fv2%2Fmedia&parent=2615"}],"wp:term":[{"taxonomy":"product_brand","embeddable":true,"href":"https:\/\/alepuoti.fi\/index.php?rest_route=%2Fwp%2Fv2%2Fproduct_brand&post=2615"},{"taxonomy":"product_cat","embeddable":true,"href":"https:\/\/alepuoti.fi\/index.php?rest_route=%2Fwp%2Fv2%2Fproduct_cat&post=2615"},{"taxonomy":"product_tag","embeddable":true,"href":"https:\/\/alepuoti.fi\/index.php?rest_route=%2Fwp%2Fv2%2Fproduct_tag&post=2615"}],"curies":[{"name":"wp","href":"https:\/\/api.w.org\/{rel}","templated":true}]}}