{"id":2608,"date":"2021-07-06T08:58:33","date_gmt":"2021-07-06T06:58:33","guid":{"rendered":"https:\/\/alepuoti.fi\/product\/tomaattiveitset-2-kpl-victorinox\/"},"modified":"2026-01-26T11:08:15","modified_gmt":"2026-01-26T09:08:15","slug":"tomaattiveitset-2-kpl-victorinox","status":"publish","type":"product","link":"https:\/\/alepuoti.fi\/?product=tomaattiveitset-2-kpl-victorinox","title":{"rendered":"Tomaattiveitset 2 kpl Victorinox"},"content":{"rendered":"","protected":false},"excerpt":{"rendered":"<h5>Victorinox tomaattiveitsi 11cm sahalaitainen ter\u00e4, Swiss Classic-kahvalla. Pakkauksessa 2 veist\u00e4. Konepest\u00e4v\u00e4.<\/h5>\n","protected":false},"featured_media":3108,"template":"","meta":{"_monsterinsights_skip_tracking":false,"_monsterinsights_sitenote_active":false,"_monsterinsights_sitenote_note":"","_monsterinsights_sitenote_category":0,"_uf_show_specific_survey":0,"_uf_disable_surveys":false},"product_brand":[],"product_cat":[60,67],"product_tag":[],"class_list":{"0":"post-2608","1":"product","2":"type-product","3":"status-publish","4":"has-post-thumbnail","6":"product_cat-kaikki","7":"product_cat-keitti","9":"first","10":"instock","11":"taxable","12":"shipping-taxable","13":"purchasable","14":"product-type-simple"},"aioseo_notices":[],"_links":{"self":[{"href":"https:\/\/alepuoti.fi\/index.php?rest_route=\/wp\/v2\/product\/2608","targetHints":{"allow":["GET"]}}],"collection":[{"href":"https:\/\/alepuoti.fi\/index.php?rest_route=\/wp\/v2\/product"}],"about":[{"href":"https:\/\/alepuoti.fi\/index.php?rest_route=\/wp\/v2\/types\/product"}],"version-history":[{"count":3,"href":"https:\/\/alepuoti.fi\/index.php?rest_route=\/wp\/v2\/product\/2608\/revisions"}],"predecessor-version":[{"id":3510,"href":"https:\/\/alepuoti.fi\/index.php?rest_route=\/wp\/v2\/product\/2608\/revisions\/3510"}],"wp:featuredmedia":[{"embeddable":true,"href":"https:\/\/alepuoti.fi\/index.php?rest_route=\/wp\/v2\/media\/3108"}],"wp:attachment":[{"href":"https:\/\/alepuoti.fi\/index.php?rest_route=%2Fwp%2Fv2%2Fmedia&parent=2608"}],"wp:term":[{"taxonomy":"product_brand","embeddable":true,"href":"https:\/\/alepuoti.fi\/index.php?rest_route=%2Fwp%2Fv2%2Fproduct_brand&post=2608"},{"taxonomy":"product_cat","embeddable":true,"href":"https:\/\/alepuoti.fi\/index.php?rest_route=%2Fwp%2Fv2%2Fproduct_cat&post=2608"},{"taxonomy":"product_tag","embeddable":true,"href":"https:\/\/alepuoti.fi\/index.php?rest_route=%2Fwp%2Fv2%2Fproduct_tag&post=2608"}],"curies":[{"name":"wp","href":"https:\/\/api.w.org\/{rel}","templated":true}]}}