{"id":2587,"date":"2021-07-06T08:58:28","date_gmt":"2021-07-06T06:58:28","guid":{"rendered":"https:\/\/alepuoti.fi\/product\/kannenavaaja-priot-lifty\/"},"modified":"2026-01-26T11:06:33","modified_gmt":"2026-01-26T09:06:33","slug":"kannenavaaja-priot-lifty","status":"publish","type":"product","link":"https:\/\/alepuoti.fi\/?product=kannenavaaja-priot-lifty","title":{"rendered":"Kannenavaaja Priot Lifty"},"content":{"rendered":"","protected":false},"excerpt":{"rendered":"<h5>Lifty-kannenavaajan avulla aukaiset helposti niin pienten kuin isompienkin lasipurkkien kannet. V\u00e4\u00e4nt\u00e4mist\u00e4, nostamista tai voimaa ei en\u00e4\u00e4 tarvita: aseta vain Lifty paikalleen ja paina alasp\u00e4in \u2013 lasipurkin kansi on nyt valmis kierrett\u00e4v\u00e4ksi auki.<\/h5>\n","protected":false},"featured_media":3028,"template":"","meta":{"_monsterinsights_skip_tracking":false,"_monsterinsights_sitenote_active":false,"_monsterinsights_sitenote_note":"","_monsterinsights_sitenote_category":0,"_uf_show_specific_survey":0,"_uf_disable_surveys":false},"product_brand":[],"product_cat":[60,67],"product_tag":[],"class_list":{"0":"post-2587","1":"product","2":"type-product","3":"status-publish","4":"has-post-thumbnail","6":"product_cat-kaikki","7":"product_cat-keitti","9":"first","10":"instock","11":"taxable","12":"shipping-taxable","13":"purchasable","14":"product-type-simple"},"aioseo_notices":[],"_links":{"self":[{"href":"https:\/\/alepuoti.fi\/index.php?rest_route=\/wp\/v2\/product\/2587","targetHints":{"allow":["GET"]}}],"collection":[{"href":"https:\/\/alepuoti.fi\/index.php?rest_route=\/wp\/v2\/product"}],"about":[{"href":"https:\/\/alepuoti.fi\/index.php?rest_route=\/wp\/v2\/types\/product"}],"version-history":[{"count":2,"href":"https:\/\/alepuoti.fi\/index.php?rest_route=\/wp\/v2\/product\/2587\/revisions"}],"predecessor-version":[{"id":3519,"href":"https:\/\/alepuoti.fi\/index.php?rest_route=\/wp\/v2\/product\/2587\/revisions\/3519"}],"wp:featuredmedia":[{"embeddable":true,"href":"https:\/\/alepuoti.fi\/index.php?rest_route=\/wp\/v2\/media\/3028"}],"wp:attachment":[{"href":"https:\/\/alepuoti.fi\/index.php?rest_route=%2Fwp%2Fv2%2Fmedia&parent=2587"}],"wp:term":[{"taxonomy":"product_brand","embeddable":true,"href":"https:\/\/alepuoti.fi\/index.php?rest_route=%2Fwp%2Fv2%2Fproduct_brand&post=2587"},{"taxonomy":"product_cat","embeddable":true,"href":"https:\/\/alepuoti.fi\/index.php?rest_route=%2Fwp%2Fv2%2Fproduct_cat&post=2587"},{"taxonomy":"product_tag","embeddable":true,"href":"https:\/\/alepuoti.fi\/index.php?rest_route=%2Fwp%2Fv2%2Fproduct_tag&post=2587"}],"curies":[{"name":"wp","href":"https:\/\/api.w.org\/{rel}","templated":true}]}}