{"id":2579,"date":"2021-07-06T08:58:26","date_gmt":"2021-07-06T06:58:26","guid":{"rendered":"https:\/\/alepuoti.fi\/product\/shksavustin-prego\/"},"modified":"2026-01-26T11:05:23","modified_gmt":"2026-01-26T09:05:23","slug":"shksavustin-prego","status":"publish","type":"product","link":"https:\/\/alepuoti.fi\/?product=shksavustin-prego","title":{"rendered":"S\u00e4hk\u00f6savustin Prego"},"content":{"rendered":"","protected":false},"excerpt":{"rendered":"<h5>Pakkaus sis\u00e4lt\u00e4\u00e4 ritil\u00e4n, purupellin ja rasvapellin.<br \/>\nMateriaali: ruostumatonta ter\u00e4st\u00e4<br \/>\nKoko: halkaisija 26 cm, pituus 52 cm<br \/>\nJohdon pituus: 1,8 m<br \/>\nTeho: 1100 W<\/h5>\n","protected":false},"featured_media":3122,"template":"","meta":{"_monsterinsights_skip_tracking":false,"_monsterinsights_sitenote_active":false,"_monsterinsights_sitenote_note":"","_monsterinsights_sitenote_category":0,"_uf_show_specific_survey":0,"_uf_disable_surveys":false},"product_brand":[],"product_cat":[60,62],"product_tag":[],"class_list":{"0":"post-2579","1":"product","2":"type-product","3":"status-publish","4":"has-post-thumbnail","6":"product_cat-kaikki","7":"product_cat-vapaa-aika","9":"first","10":"instock","11":"taxable","12":"shipping-taxable","13":"purchasable","14":"product-type-simple"},"aioseo_notices":[],"_links":{"self":[{"href":"https:\/\/alepuoti.fi\/index.php?rest_route=\/wp\/v2\/product\/2579","targetHints":{"allow":["GET"]}}],"collection":[{"href":"https:\/\/alepuoti.fi\/index.php?rest_route=\/wp\/v2\/product"}],"about":[{"href":"https:\/\/alepuoti.fi\/index.php?rest_route=\/wp\/v2\/types\/product"}],"version-history":[{"count":5,"href":"https:\/\/alepuoti.fi\/index.php?rest_route=\/wp\/v2\/product\/2579\/revisions"}],"predecessor-version":[{"id":3361,"href":"https:\/\/alepuoti.fi\/index.php?rest_route=\/wp\/v2\/product\/2579\/revisions\/3361"}],"wp:featuredmedia":[{"embeddable":true,"href":"https:\/\/alepuoti.fi\/index.php?rest_route=\/wp\/v2\/media\/3122"}],"wp:attachment":[{"href":"https:\/\/alepuoti.fi\/index.php?rest_route=%2Fwp%2Fv2%2Fmedia&parent=2579"}],"wp:term":[{"taxonomy":"product_brand","embeddable":true,"href":"https:\/\/alepuoti.fi\/index.php?rest_route=%2Fwp%2Fv2%2Fproduct_brand&post=2579"},{"taxonomy":"product_cat","embeddable":true,"href":"https:\/\/alepuoti.fi\/index.php?rest_route=%2Fwp%2Fv2%2Fproduct_cat&post=2579"},{"taxonomy":"product_tag","embeddable":true,"href":"https:\/\/alepuoti.fi\/index.php?rest_route=%2Fwp%2Fv2%2Fproduct_tag&post=2579"}],"curies":[{"name":"wp","href":"https:\/\/api.w.org\/{rel}","templated":true}]}}